{"id":126,"date":"2023-03-17T14:33:07","date_gmt":"2023-03-17T14:33:07","guid":{"rendered":"https:\/\/elizowo.pl\/?post_type=product&#038;p=126"},"modified":"2023-10-13T13:47:33","modified_gmt":"2023-10-13T13:47:33","slug":"woreczek-na-ksiazke-i-nie-tylko","status":"publish","type":"product","link":"https:\/\/elizowo.pl\/index.php\/produkt\/woreczek-na-ksiazke-i-nie-tylko\/","title":{"rendered":"Woreczek na ksi\u0105\u017ck\u0119&#8230; i nie tylko"},"content":{"rendered":"<h3>Woreczek na ksi\u0105\u017ck\u0119&#8230; i nie tylko \ud83d\ude42<\/h3>\n<p>Doskonale chroni ok\u0142adk\u0119 i strony przed zagi\u0119ciem w torebce czy plecaku.<br \/>\nJest wspania\u0142ym pomys\u0142em na ekologiczne, wielofunkcyjne i wielorazowe opakowanie prezentu w postaci ksi\u0105\u017cki, kalendarza, czy notatnika.<br \/>\nWyobra\u017a sobie zaskoczenie i rado\u015b\u0107 osoby, kt\u00f3ra dostanie od Ciebie prezent w tak wyj\u0105tkowym opakowaniu.<\/p>\n<h4><em>Elizowo &#8211; r\u0119kodzie\u0142o podszyte pasj\u0105 i wype\u0142nione mi\u0142o\u015bci\u0105.<\/em><\/h4>\n","protected":false},"excerpt":{"rendered":"<h3>Woreczek na ksi\u0105\u017ck\u0119&#8230; i nie tylko \ud83d\ude42<\/h3>\n<p>Doskonale chroni ok\u0142adk\u0119 i strony przed zagi\u0119ciem w torebce czy plecaku.<br \/>\nJest wspania\u0142ym pomys\u0142em na ekologiczne, wielofunkcyjne i wielorazowe opakowanie prezentu w postaci ksi\u0105\u017cki, kalendarza, czy notatnika.<br \/>\nWyobra\u017a sobie zaskoczenie i rado\u015b\u0107 osoby, kt\u00f3ra dostanie od Ciebie prezent w tak wyj\u0105tkowym opakowaniu.<\/p>\n<h4><em>Elizowo &#8211; r\u0119kodzie\u0142o podszyte pasj\u0105 i wype\u0142nione mi\u0142o\u015bci\u0105.<\/em><\/h4>\n","protected":false},"featured_media":131,"comment_status":"open","ping_status":"closed","template":"","meta":{"neve_meta_sidebar":"","neve_meta_container":"","neve_meta_enable_content_width":"off","neve_meta_content_width":100,"neve_meta_title_alignment":"","neve_meta_author_avatar":"","neve_post_elements_order":"","neve_meta_disable_header":"","neve_meta_disable_footer":"","neve_meta_disable_title":""},"product_brand":[],"product_cat":[22],"product_tag":[],"class_list":{"0":"post-126","1":"product","2":"type-product","3":"status-publish","4":"has-post-thumbnail","6":"product_cat-dekoracje","8":"first","9":"outofstock","10":"taxable","11":"shipping-taxable","12":"purchasable","13":"product-type-variable"},"jetpack_sharing_enabled":true,"_links":{"self":[{"href":"https:\/\/elizowo.pl\/index.php\/wp-json\/wp\/v2\/product\/126","targetHints":{"allow":["GET"]}}],"collection":[{"href":"https:\/\/elizowo.pl\/index.php\/wp-json\/wp\/v2\/product"}],"about":[{"href":"https:\/\/elizowo.pl\/index.php\/wp-json\/wp\/v2\/types\/product"}],"replies":[{"embeddable":true,"href":"https:\/\/elizowo.pl\/index.php\/wp-json\/wp\/v2\/comments?post=126"}],"wp:featuredmedia":[{"embeddable":true,"href":"https:\/\/elizowo.pl\/index.php\/wp-json\/wp\/v2\/media\/131"}],"wp:attachment":[{"href":"https:\/\/elizowo.pl\/index.php\/wp-json\/wp\/v2\/media?parent=126"}],"wp:term":[{"taxonomy":"product_brand","embeddable":true,"href":"https:\/\/elizowo.pl\/index.php\/wp-json\/wp\/v2\/product_brand?post=126"},{"taxonomy":"product_cat","embeddable":true,"href":"https:\/\/elizowo.pl\/index.php\/wp-json\/wp\/v2\/product_cat?post=126"},{"taxonomy":"product_tag","embeddable":true,"href":"https:\/\/elizowo.pl\/index.php\/wp-json\/wp\/v2\/product_tag?post=126"}],"curies":[{"name":"wp","href":"https:\/\/api.w.org\/{rel}","templated":true}]}}

Woreczek na książkę&#8230; i nie tylko

<h3>Woreczek na książkę&#8230; i nie tylko 🙂</h3>
<p>Doskonale chroni okładkę i strony przed zagięciem w torebce czy plecaku.<br />
Jest wspaniałym pomysłem na ekologiczne, wielofunkcyjne i wielorazowe opakowanie prezentu w postaci książki, kalendarza, czy notatnika.<br />
Wyobraź sobie zaskoczenie i radość osoby, która dostanie od Ciebie prezent w tak wyjątkowym opakowaniu.</p>
<h4><em>Elizowo &#8211; rękodzieło podszyte pasją i wypełnione miłością.</em></h4>
